ctors of 1117?
1117
List the prime factors of 68924.
2, 17231
What are the prime factors of 327?
3, 109
What are the prime factors of 78686?
2, 39343
List the prime factors of 231.
3, 7, 11
What are the prime factors of 15883?
7, 2269
What are the prime factors of 20597?
43, 479
List the prime factors of 3965.
5, 13, 61
What are the prime factors of 11249?
7, 1607
What are the prime factors of 49770?
2, 3, 5, 7, 79
List the prime factors of 925.
5, 37
What are the prime factors of 341?
11, 31
What are the prime factors of 13705?
5, 2741
What are the prime factors of 149?
149
List the prime factors of 45359.
67, 677
List the prime factors of 30445.
5, 6089
What are the prime factors of 4962?
2, 3, 827
What are the prime factors of 9537?
3, 11, 17
List the prime factors of 5699.
41, 139
What are the prime factors of 553?
7, 79
List the prime factors of 6961.
6961
What are the prime factors of 1063?
1063
List the prime factors of 2506.
2, 7, 179
What are the prime factors of 2742?
2, 3, 457
What are the prime factors of 18705?
3, 5, 29, 43
What are the prime factors of 68925?
3, 5, 919
What are the prime factors of 10049?
13, 773
What are the prime factors of 116?
2, 29
What are the prime factors of 19693?
47, 419
What are the prime factors of 4648?
2, 7, 83
What are the prime factors of 161105?
5, 7, 4603
List the prime factors of 815.
5, 163
List the prime factors of 2049.
3, 683
List the prime factors of 7339.
41, 179
What are the prime factors of 2262?
2, 3, 13, 29
List the prime factors of 100705.
5, 11, 1831
What are the prime factors of 3787?
7, 541
List the prime factors of 29771.
7, 4253
What are the prime factors of 9065?
5, 7, 37
What are the prime factors of 1128?
2, 3, 47
What are the prime factors of 1392?
2, 3, 29
List the prime factors of 944.
2, 59
What are the prime factors of 427?
7, 61
List the prime factors of 4312.
2, 7, 11
What are the prime factors of 7006?
2, 31, 113
List the prime factors of 74543.
7, 23, 463
What are the prime factors of 2168?
2, 271
List the prime factors of 112685.
5, 31, 727
List the prime factors of 718.
2, 359
What are the prime factors of 1680?
2, 3, 5, 7
What are the prime factors of 1493?
1493
What are the prime factors of 6949?
6949
What are the prime factors of 4352?
2, 17
List the prime factors of 25140.
2, 3, 5, 419
List the prime factors of 2870.
2, 5, 7, 41
List the prime factors of 514.
2, 257
What are the prime factors of 4285?
5, 857
What are the prime factors of 24580?
2, 5, 1229
List the prime factors of 2897.
2897
List the prime factors of 8910.
2, 3, 5, 11
What are the prime factors of 936?
2, 3, 13
What are the prime factors of 8600?
2, 5, 43
What are the prime factors of 1417?
13, 109
List the prime factors of 36472.
2, 47, 97
What are the prime factors of 466?
2, 233
What are the prime factors of 6182?
2, 11, 281
What are the prime factors of 2406?
2, 3, 401
List the prime factors of 16517.
83, 199
What are the prime factors of 3520?
2, 5, 11
What are the prime factors of 5015?
5, 17, 59
List the prime factors of 1331.
11
What are the prime factors of 2719?
2719
List the prime factors of 23428.
2, 5857
What are the prime factors of 12145?
5, 7, 347
List the prime factors of 10056.
2, 3, 419
What are the prime factors of 6929?
13, 41
What are the prime factors of 965?
5, 193
What are the prime factors of 4951?
4951
What are the prime factors of 1466?
2, 733
List the prime factors of 4655.
5, 7, 19
List the prime factors of 4017.
3, 13, 103
List the prime factors of 7840.
2, 5, 7
What are the prime factors of 494?
2, 13, 19
List the prime factors of 37335.
3, 5, 19, 131
List the prime factors of 6306.
2, 3, 1051
What are the prime factors of 181?
181
List the prime factors of 1314.
2, 3, 73
List the prime factors of 5317.
13, 409
List the prime factors of 77256.
2, 3, 29, 37
List the prime factors of 7902.
2, 3, 439
List the prime factors of 3707.
11, 337
List the prime factors of 14822.
2, 7411
What are the prime factors of 1285?
5, 257
What are the prime factors of 660?
2, 3, 5, 11
What are the prime factors of 3160?
2, 5, 79
List the prime factors of 33671.
11, 3061
What are the prime factors of 11218?
2, 71, 79
What are the prime factors of 8632?
2, 13, 83
List the prime factors of 8398.
2, 13, 17, 19
List the prime factors of 5941.
13, 457
List the prime factors of 1798.
2, 29, 31
What are the prime factors of 27312?
2, 3, 569
What are the prime factors of 389?
389
What are the prime factors of 1701?
3, 7
What are the prime factors of 757?
757
List the prime factors of 2195.
5, 439
List the prime factors of 24477.
3, 41, 199
What are the prime factors of 6540?
2, 3, 5, 109
What are the prime factors of 7471?
31, 241
List the prime factors of 114063.
3, 193, 197
What are the prime factors of 127592?
2, 41, 389
What are the prime factors of 34818?
2, 3, 7, 829
What are the prime factors of 262?
2, 131
What are the prime factors of 6873?
3, 29, 79
List the prime factors of 56290.
2, 5, 13, 433
List the prime factors of 40194.
2, 3, 7, 11, 29
What are the prime factors of 1909?
23, 83
What are the prime factors of 6479?
11, 19, 31
List the prime factors of 6585.
3, 5, 439
What are the prime factors of 114983?
11, 10453
List the prime factors of 442.
2, 13, 17
List the prime factors of 26585.
5, 13, 409
What are the prime factors of 41421?
3, 13807
What are the prime factors of 114?
2, 3, 19
List the prime factors of 11886.
2, 3, 7, 283
List the prime factors of 1889.
1889
What are the prime factors of 5390?
2, 5, 7, 11
What are the prime factors of 61792?
2, 1931
List the prime factors of 13794.
2, 3, 11, 19
List the prime factors of 20616.
2, 3, 859
List the prime factors of 702.
2, 3, 13
List the prime factors of 8724.
2, 3, 727
What are the prime factors of 25728?
2, 3, 67
List the prime factors of 26184.
2, 3, 1091
What are the prime factors of 6104?
2, 7, 109
List the prime factors of 26701.
26701
List the prime factors of 3160.
2, 5, 79
What are the prime factors of 59930?
2, 5, 13, 461
What are the prime factors of 3208?
2, 401
What are the prime factors of 19160?
2, 5, 479
What are the prime factors of 2202?
2, 3, 367
What are the prime factors of 3220?
2, 5, 7, 23
List the prime factors of 35284.
2, 8821
List the prime factors of 7255.
5, 1451
List the prime factors of 35453.
11, 293
What are the prime factors of 868?
2, 7, 31
List the prime factors of 112141.
127, 883
List the prime factors of 9518.
2, 4759
What are the prime factors of 17038?
2, 7, 1217
List the prime factors of 15255.
3, 5, 113
What are the prime factors of 549?
3, 61
List the prime factors of 250.
2, 5
List the prime factors of 46854.
2, 3, 19, 137
List the prime factors of 3994.
2, 1997
What are the prime factors of 109680?
2, 3, 5, 457
What are the prime factors of 115787?
7, 17, 139
What are the prime factors of 19014?
2, 3, 3169
List the prime factors of 645.
3, 5, 43
What are the prime factors of 8963?
8963
What are the prime factors of 2521?
2521
What are the prime factors of 126?
2, 3, 7
List the prime factors of 1105.
5, 13, 17
List the prime factors of 50.
2, 5
What are the prime factors of 5130?
2, 3, 5, 19
What are the prime factors of 2331?
3, 7, 37
List the prime factors of 655.
5, 131
What are the prime factors of 2753?
2753
What are the prime factors of 24803?
17, 1459
List the prime factors of 25449.
3, 17, 499
List the prime factors of 4091.
4091
List the prime factors of 3747.
3, 1249
What are the prime factors of 1011?
3, 337
List the prime factors of 3807.
3, 47
What are the prime factors of 14966?
2, 7, 1069
List the prime factors of 3653.
13, 281
What are the prime factors of 30387?
3, 7, 1447
What are the prime factors of 47760?
2, 3, 5, 199
List the prime factors of 19488.
2, 3, 7, 29
List the prime factors of 7322.
2, 7, 523
List the prime factors of 53631.
3, 59, 101
List the prime factors of 3898.
2, 1949
What are the prime factors of 183?
3, 61
List the prime factors of 6492.
2, 3, 541
What are the prime factors of 4276?
2, 1069
List the prime factors of 10116.
2, 3, 281
What are the prime factors of 32764?
2, 8191
List the prime factors of 3546.
2, 3, 197
List the prime factors of 4490.
2, 5, 449
List the prime factors of 1019.
1019
What are the prime factors of 590?
